at is the remainder when 6832851 is divided by 2602?
2601
Calculate the remainder when 24362 is divided by 4402.
2352
What is the remainder when 404049 is divided by 2712?
2673
Calculate the remainder when 374136 is divided by 374129.
7
Calculate the remainder when 49362 is divided by 16347.
321
Calculate the remainder when 971505 is divided by 12150.
11655
Calculate the remainder when 2759315 is divided by 578.
521
Calculate the remainder when 1664077 is divided by 554377.
946
What is the remainder when 36428 is divided by 918?
626
Calculate the remainder when 174659503 is divided by 1799.
1789
Calculate the remainder when 53299 is divided by 886.
139
What is the remainder when 375370 is divided by 948?
910
Calculate the remainder when 66378277 is divided by 8.
5
Calculate the remainder when 49730938 is divided by 1015.
1013
Calculate the remainder when 209208061 is divided by 2302.
2301
What is the remainder when 208864 is divided by 1407?
628
Calculate the remainder when 67995489 is divided by 2147.
2146
Calculate the remainder when 14418556 is divided by 40.
36
What is the remainder when 8671391 is divided by 578092?
11
Calculate the remainder when 254881 is divided by 14.
11
What is the remainder when 8625 is divided by 1258?
1077
What is the remainder when 426007110 is divided by 21?
18
Calculate the remainder when 37255481 is divided by 850.
831
What is the remainder when 342589 is divided by 970?
179
Calculate the remainder when 90148 is divided by 56.
44
What is the remainder when 196209 is divided by 880?
849
What is the remainder when 83071 is divided by 1822?
1081
What is the remainder when 254523 is divided by 4038?
129
What is the remainder when 1558034 is divided by 322?
198
What is the remainder when 6078040 is divided by 228?
16
Calculate the remainder when 193988015 is divided by 48497002.
7
Calculate the remainder when 30720622 is divided by 66.
64
What is the remainder when 351876 is divided by 1571?
1543
Calculate the remainder when 2085487 is divided by 425.
12
What is the remainder when 1128882 is divided by 604?
6
What is the remainder when 935163 is divided by 467574?
15
What is the remainder when 6118247 is divided by 3059122?
3
What is the remainder when 3492597 is divided by 17?
15
What is the remainder when 740568 is divided by 370129?
310
What is the remainder when 8387192 is divided by 40?
32
Calculate the remainder when 6225067 is divided by 2075012.
31
Calculate the remainder when 138272 is divided by 8642.
0
Calculate the remainder when 47454 is divided by 894.
72
Calculate the remainder when 1684263 is divided by 22760.
23
What is the remainder when 46600 is divided by 3599?
3412
What is the remainder when 337503 is divided by 54?
3
What is the remainder when 901062 is divided by 21961?
661
Calculate the remainder when 2198233 is divided by 4468.
4445
What is the remainder when 6135569 is divided by 785?
9
What is the remainder when 11693302 is divided by 5846637?
28
What is the remainder when 16161882 is divided by 557?
527
Calculate the remainder when 6619975 is divided by 3357.
3328
Calculate the remainder when 589045 is divided by 196347.
4
What is the remainder when 113733169 is divided by 7?
4
Calculate the remainder when 46244940 is divided by 3354.
3342
What is the remainder when 1707684 is divided by 344?
68
What is the remainder when 159825 is divided by 2106?
1875
What is the remainder when 1888918 is divided by 377775?
43
What is the remainder when 12615 is divided by 4939?
2737
What is the remainder when 1922136 is divided by 480199?
1340
What is the remainder when 452915 is divided by 150872?
299
Calculate the remainder when 211303 is divided by 2176.
231
What is the remainder when 146530174 is divided by 15496?
15494
What is the remainder when 1090018 is divided by 503?
17
What is the remainder when 88205 is divided by 86555?
1650
What is the remainder when 4136902 is divided by 890?
182
What is the remainder when 781828 is divided by 623?
586
What is the remainder when 1559698 is divided by 4105?
3903
Calculate the remainder when 108528939 is divided by 1133.
2
What is the remainder when 912615 is divided by 203?
130
What is the remainder when 3546600 is divided by 302?
214
Calculate the remainder when 3067027 is divided by 3066535.
492
Calculate the remainder when 8333003 is divided by 595214.
7
What is the remainder when 2689677 is divided by 1001?
991
Calculate the remainder when 133722 is divided by 245.
197
Calculate the remainder when 26905 is divided by 5376.
25
What is the remainder when 12153295 is divided by 4051093?
16
What is the remainder when 1121322 is divided by 394?
392
What is the remainder when 1747817 is divided by 349556?
37
Calculate the remainder when 1693 is divided by 1076.
617
What is the remainder when 66802886 is divided by 4175180?
6
Calculate the remainder when 97907455 is divided by 5.
0
Calculate the remainder when 2491769 is divided by 189.
182
Calculate the remainder when 739006 is divided by 369448.
110
Calculate the remainder when 6164980 is divided by 5877.
7
Calculate the remainder when 435248 is divided by 24170.
188
What is the remainder when 28148949 is divided by 183980?
9
What is the remainder when 931028 is divided by 4232?
4220
What is the remainder when 61932 is divided by 12361?
127
Calculate the remainder when 1525880 is divided by 267.
242
Calculate the remainder when 10672 is divided by 387.
223
Calculate the remainder when 25041410 is divided by 298112.
2
What is the remainder when 20407 is divided by 9039?
2329
Calculate the remainder when 99211317 is divided by 1032.
1029
What is the remainder when 8961633 is divided by 599?
593
What is the remainder when 489937 is divided by 81460?
1177
What is the remainder when 636999 is divided by 33?
0
Calculate the remainder when 7600803 is divided by 332.
327
What is the remainder when 132806 is divided by 4450?
3756
Calculate the remainder when 73900 is divided by 2735.
55
Calculate the remainder when 4645395 is divided by 516155.
0
Calculate the remainder when 244627 is divided by 3104.
2515
What is the remainder when 37256 is divided by 3635?
906
What is the remainder when 1092632 is divided by 18519?
11
What is the remainder when 42196 is divided by 6659?
2242
What is the remainder when 8756902 is divided by 5?
2
Calculate the remainder when 23343063 is divided by 1161.
1158
What is the remainder when 69285830 is divided by 154?
152
What is the remainder when 7409133 is divided by 9?
0
Calculate the remainder when 12642 is divided by 1411.
1354
Calculate the remainder when 13672850 is divided by 11676.
254
Calculate the remainder when 162020 is divided by 5782.
124
What is the remainder when 8549 is divided by 1542?
839
Calculate the remainder when 75032 is divided by 74744.
288
What is the remainder when 27642 is divided by 1656?
1146
What is the remainder when 17245161 is divided by 3105?
3096
Calculate the remainder when 2223057 is divided by 46313.
33
Calculate the remainder when 1847277 is divided by 115453.
29
What is the remainder when 4668261 is divided by 2334123?
15
What is the remainder when 2494013 is divided by 22266?
221
Calculate the remainder when 368757 is divided by 110.
37
What is the remainder when 1146789 is divided by 31855?
9
Calculate the remainder when 87063826 is divided by 12.
10
What is the remainder when 22129888 is divided by 2686?
2620
Calculate the remainder when 7739824 is divided by 2541.
2479
Calculate the remainder when 35950511 is divided by 624.
623
What is the remainder when 63532298 is divided by 138?
134
Calculate the remainder when 3208949 is divided by 1555.
984
What is the remainder when 149524 is divided by 174?
58
Calculate the remainder when 422199 is divided by 140569.
492
What is the remainder when 939131 is divided by 26832?
11
What is the remainder when 248706 is divided by 1330?
1326
Calculate the remainder when 4702376 is divided by 4143.
71
What is the remainder when 8683667 is divided by 63?
62
What is the remainder when 188749 is divided by 23564?
237
What is the remainder when 570077 is divided by 565?
557
What is the remainder when 43063 is divided by 10569?
787
What is the remainder when 2344278 is divided by 23655?
2433
What is the r